n(c).
6
Let n(i) be the third derivative of 0*i - 1/60*i**5 - 1/2*i**3 + 10*i**2 + 1/12*i**4 + 0. Let u(k) be the first derivative of n(k). Determine u(6).
-10
Let q(t) = -4*t + 15. Let s(z) = -7*z + 29. Let p(d) = -5*q(d) + 3*s(d). Let v be (288/(-180))/((-2)/(-10)). Let o(a) = 14*a + 119. Let w be o(v). Give p(w).
5
Let f(i) = 5*i**2 + 4*i - 8. Let m(o) = -4*o**2 - 4*o + 7. Let l(w) = 5*f(w) + 6*m(w). Let b(s) = s - 1. Let g be b(6). Calculate l(g).
7
Let o(s) be the third derivative of s**5/15 + 3*s**4/2 - s**3/6 - 2230*s**2. Calculate o(-9).
-1
Let c(g) = 9*g**3 + 34*g**2 - 42*g - 56. Let f(r) = r**3 + r**2 + 2*r. Let m(w) = c(w) - 8*f(w). Determine m(-28).
0
Let m(k) = 2*k**2 - 29*k + 30. Let o(w) = -3*w**2 + 43*w - 60. Let y(j) = 5*m(j) + 3*o(j). What is y(17)?
-13
Let x be 4 + -1 + 2 + 1. Let w(f) be the third derivative of -f**6/120 + f**5/10 + f**4/24 + f**3/3 + 400*f**2 - 2. What is w(x)?
8
Let i = -9 - -4. Let c = 1 + -1. Let u = i - c. Let d(r) = r**3 + 4*r**2 - 6*r - 4. Calculate d(u).
1
Let c(v) = v**2 - 8*v + 6. Let a be ((-1054)/(-124))/(2/376). Let z be a/408 + 2/24. What is c(z)?
-10
Let n(a) = 3*a + 49 - 5*a - 48. Suppose 0 = -b - 6*b. What is n(b)?
1
Let v = -3759 - -3753. Let l(p) = p**3 + 4*p**2 - 19*p - 26. Calculate l(v).
16
Let t(l) = 5*l - 1. Let h(o) = o**3 - 8*o**2 + 11*o + 9. Let w(b) = 6*b + 78. Let c be w(-12). Let a be h(c). Determine t(a).
14
Let k(z) = 9*z + 118. Suppose 0 = -4*f - 8, -33*v - 2*f = -36*v - 38. What is k(v)?
-8
Let l(f) = 5 - 11 + 0*f - 3*f. Let h(r) = 9*r**2 - 16*r + 21. Let y(c) = -2*c**2 + 4*c - 5. Let t(x) = 6*h(x) + 26*y(x). Let s be t(-4). Determine l(s).
6
Let d = 26 + -2. Suppose -d*h + 28 = -17*h. Let k(g) = g - 5. Calculate k(h).
-1
Let s(q) = 3*q**3 + 12*q**2 + 5. Let n = -191 - -187. Let o be s(n). Let k(x) = -x + 6. Calculate k(o).
1
Let x(r) = 0 - r**2 + 7*r + 4 - 5. Let d(z) be the third derivative of z**4/3 - 43*z**3/6 - 55*z**2. Let o be d(6). Calculate x(o).
9
Let x(c) = c**2 + 3*c - 1. Suppose d - 62 = -60. Suppose f = -3*f, 4*n + 2*f = -8. Let k be -4 - n - d - -1. What is x(k)?
-1
Let w(d) = -d - 4. Let m(f) = 7*f + 18. Let q be m(-2). Suppose q*n - 3 = -23. What is w(n)?
1
Suppose 2*o + 10 = 30. Let q = -3275 + 3295. Let i be q/25 - (-2)/o. Let u(d) = -3*d**3 - d**2 - d + 1. Determine u(i).
-4
Let j(s) = 115078*s - 38 + 7 - 115088*s + 0. What is j(-4)?
9
Let l(c) = c**3 + 8*c**2 - 2*c - 9. Let z(f) = f**2 - 1. Let y(i) = l(i) - 3*z(i). Let q be y(-5). Let n(t) = -3 + 6 + 1 + 0 - t. Give n(q).
0
Let q(s) = -1 + 6*s + 6*s - 23*s. Let b(y) = -2*y. Let t(z) = -3*b(z) + q(z). Give t(-3).
14
Let f(y) = y**3 + 8*y**2 + 3*y + 18. Suppose -3*v - 67 + 49 = 0. Let j be 32/v*((-168)/(-16))/7. What is f(j)?
-6
Let d be 52/(-39) - (-26)/6. Let f(k) be the first derivative of 2/3*k**d + k - 6 - k**2. Give f(2).
5
Let z(f) = -f - 1. Let j(a) = -a**2 + 3*a + 5. Let x(m) = -j(m) - 4*z(m). Let s be x(1). Let y(p) = p**3 + 17*p**3 - 1 + 0*p**3 + 0*p**3. What is y(s)?
17
Let t(u) = 10*u - 6. Let d(i) = -5*i + 3. Let g(h) = 7*d(h) + 4*t(h). Let k = -192 + 189. Let j(a) = 4*a - 2. Let l(x) = k*g(x) + 4*j(x). What is l(-5)?
-4
Let b(v) = -500603*v + 2 + 19 + 500599*v. Give b(11).
-23
Suppose 3*w + 78*w - 11748 = -12315. Let g(z) = -z**3 - 8*z**2 - 2*z + 5. Calculate g(w).
-30
Let c(v) = -v**3 - 5*v**2 - 2*v - 1. Let o be 0 + (57 - 10/(-5)). Let q = o + -64. Give c(q).
9
Let j(r) = 2*r**3 - 3448*r**2 + 16 + 22*r + 1745*r**2 + 1716*r**2. Give j(-4).
8
Let i(s) be the first derivative of s**3/3 - 4*s**2 + 9*s - 1. Let l be ((-2)/(-5))/((-44)/(-16280)). Let t = -142 + l. What is i(t)?
-3
Let p(b) = 61*b + 929. Let y(l) = 30*l + 400. Let k(z) = 3*p(z) - 7*y(z). What is k(-3)?
68
Let n(d) = 4*d + 17. Suppose -208*l + 202*l - 42 = 0. Let j be l/(-28) - (-75)/(-12). Determine n(j).
-7
Suppose 3*f - r = 11, -5*f - 8 = -4*r - 31. Suppose 0 = t - 14*x + 12*x - 7, f*t + 5*x = 10. Let n(y) = -y**2 + 4*y + 2. Calculate n(t).
-3
Let b(p) = -2*p**2 + 9*p + 38852 + 38849 - 77706. Give b(6).
-23
Let g(p) = 20*p + 59. Suppose -924*a = -919*a - 4*t - 3, -4*t = 2*a + 38. Calculate g(a).
-41
Let n = 11932 - 11933. Let k(j) = -7*j**3 - 4*j**2 + 2. Calculate k(n).
5
Suppose -244*a - 60 = -249*a. Let u(g) = -12*g**2 + 5 + 25*g**2 - a*g**2 + 1. Calculate u(0).
6
Let u = -14 - -21. Let k(h) = -41 - 35 - 2*h + 74. Determine k(u).
-16
Let r be 5/2 - 40/80. Let n(j) = 0*j - j**r - 2 + 9 + 7*j - 1. Determine n(10).
-24
Let y(n) = n**3 - 7*n**2 + 14*n + 2. Let f(i) = -5*i**3 + 28*i**2 - 67*i - 8. Let u(k) = -2*f(k) - 9*y(k). What is u(-5)?
8
Let n = 101 + -88. Suppose b + 4*b + 4*j + 8 = 0, -4*b - j - n = 0. Let x(z) = -z**2 - 3*z + 5. Give x(b).
1
Let z(d) = -7*d - 1. Suppose -2*w - 8 = -3*a - 4*w, -3*w = -2*a + 1. Suppose -11 = a*p + 5. Let k = -6 - p. Determine z(k).
-15
Let i(a) be the first derivative of -a**5/120 + a**4/4 + 23*a**3 - 244. Let p(q) be the third derivative of i(q). Calculate p(-6).
12
Let g(u) = -u**2 + 8*u - 4. Suppose 3*t - 5*t = -2*s - 62, 2*t + 6 = 0. Let a = s + 50. Suppose 0 = -5*h + a + 14. What is g(h)?
8
Let x(l) = l**2 - 9*l - 7. Let o be 81/(-12) - (-2)/(-8). Let z = 11 + o. Let n be ((-18)/z)/(2/(-4)). Calculate x(n).
-7
Let b be (-290)/(-22) - -1 - 10/55. Let x(v) = v**3 - 12*v**2 - 28*v - 14. What is x(b)?
-14
Let a(d) = -d**2 + 4*d + 3. Let t be a(3). Let g(m) be the first derivative of -46 - 2*m + 1/2*m**2. Give g(t).
4
Let f(b) = 86*b - 88 + 86*b - 291*b + 89*b - b**2 + 210. What is f(4)?
-14
Let b be (-6)/2*8/6. Let n be (1 + b)/((36/15)/(-4)). Let r(d) = -140 - 2*d**2 - n*d + 140 + 4*d**3 + 6*d. What is r(1)?
3
Let t(q) be the first derivative of 17*q**2/2 - 2*q - 146. Calculate t(-1).
-19
Suppose 0 = 30*w - 31*w. Suppose 4 = -7*x + 5*x - 2*u, w = -4*x + 2*u + 16. Let h(f) = 6*f - 5*f - x*f**2 - 3*f + 2*f**3 + 1. Determine h(2).
5
Let p(c) = -c**2 + 2*c + 4. Let x(d) = -5 + 11*d**2 + 1159*d**3 - 1160*d**3 - 8*d - d**2. Let q = 9 + 0. Let r be x(q). Determine p(r).
-4
Let a(q) = 6*q - 24 - 11*q + 6*q. Let w(o) = 3*o**2 + 6*o + 4. Let l be w(1). Give a(l).
-11
Let b(g) = -6*g - 12. Let u(t) = 7*t + 15. Let o(q) = 5*b(q) + 4*u(q). Determine o(-6).
12
Let v(z) = -2*z + 2*z - 2*z + 0*z - 1 - 2*z**2. Suppose 0 = -3*i + 21 - 27. Give v(i).
-5
Let c(l) = -5*l**2 - 5*l + 1. Let i(u) = 2*u**2 + 3*u - 1. Suppose 39 - 75 = -12*p. Let m(d) = p*i(d) + 2*c(d). Let r be (-2)/(-10) + 12/(-10). Determine m(r).
-4
Let f(y) = -3*y - 72. Suppose -2*i - b - 57 = 0, -121 = 4*i - 133*b + 128*b. What is f(i)?
15
Suppose -5 = -3*i - 59. Let x(s) = s**2 + 16*s - 34. Let c be x(i). Let q(a) = 2 + 148*a**3 - 150*a**3 - a**c - 1. What is q(1)?
-2
Let f(z) = -z**2 - z + 1. Let c be 11 - (-17)/((-51)/24). Suppose c*m - 5 = 5*a + 2, 0 = 4*a + 5*m - 24. Calculate f(a).
-1
Let m(i) = -3*i + 30. Suppose 5*n + 32 = -4*f + 89, n = f + 6. What is m(n)?
3
Let u(l) = -l**2 + 359 - l - 359. Let k(o) = -o**3 + 3*o**2 + 3*o - 8. Let h(v) = k(v) + 2*u(v). What is h(0)?
-8
Suppose -3*n - 52 = -5*k, 0*n + 4*n - 26 = -2*k. Let s(w) = -203*w - 40. Let y(a) = 575*a + 117. Let p(h) = -17*s(h) - 6*y(h). What is p(k)?
-11
Let s(c) = -2*c - 8. Suppose -132*b + 791 = -19*b. Determine s(b).
-22
Let y(o) = -17 - 15 + 16 + 1453*o - 4*o**2 - 1384*o. What is y(17)?
1
Let y(i) = -4 + 0*i + 6*i + i + i. Let d(x) = -3. Let s(o) = -2*d(o) + y(o). Calculate s(5).
42
Let n(i) = i**3 - 3*i**2 - 2*i + 4. Let g(q) = q**3 - 5*q**2 + 5*q - 6. Let f be g(3). Let t = f - -29. Suppose -h - 4*h = -t. Give n(h).
12
Let j(d) = -37 - 88*d + 5*d**2 - 105*d - 4*d**2 + 209*d. Give j(-20).
43
Let r(t) = t. Let p(j) be the first derivative of 3*j**2/2 + j + 2. Let l(o) = -p(o) + 4*r(o). Suppose -6*b - 1892 = -1910. Calculate l(b).
2
Let n(h) = -h**2 - 2*h + 8. Let r be n(-5). Let u = r - -9. Let p(i) = -10*i**2 - 2 + 5*i**2 + 6*i**u - 2*i. Give p(4).
6
Let u(x) = -4*x + 67 - 28 - 20 - 19. What is u(7)?
-28
Let j(a) = -a**3 + 5*a**2 - 5*a + 3. Let c be (51/(-18))/(6*(-11)/1980). Let u(m) = 22*m**2. Let n be u(-2). Let q = n - c. Give j(q).
6
Let z(y) = y**3 + 5*y**2 + 2*y + 2. Let n be ((-10)/(-45) - 6/27)/(-2). Suppose p + 6*v - 8 = 4*v, n = -5*p - 3*v + 5. What is z(p)?
10
Let m(s) = s**3 + 7*s**2 - 97*s + 14. Suppose 1938 = -212*q + 60*q - 190. Calculate m(q).
0
